 1 = -5*f - c. Let j = -117 - -182. What is the remainder when j is divided by x?
21
Let v(p) = -p**3 + 11*p**2 - 7*p - 9. Calculate the remainder when v(10) is divided by 8.
5
Suppose p = 2*p - 4. Suppose 0 = -p*h - h + 70. Calculate the remainder when 41 is divided by h.
13
Let q be (11 - 2)/3 + 0. Suppose -q*i = 2*i - 15. Suppose -i*c + 6 = -0. Calculate the remainder when c is divided by 1.
0
Let k(l) = l**3 + l**2 - 3*l - 1. Let m be k(-3). Calculate the remainder when 24 is divided by 2/m - (-132)/10.
11
Let u = 51 + -47. Calculate the remainder when 29 is divided by u.
1
Suppose u + 0 = 6. Calculate the remainder when (-6)/(-14) + 696/42 is divided by u.
5
Let w(r) = r**3 + 7*r**2 + 10. Calculate the remainder when 25 is divided by w(-7).
5
Let j(q) = -q**3 + 6*q**2 - q + 3. Calculate the remainder when j(5) is divided by 9.
5
Let y(w) = -w**3 + 5*w**2 + w. What is the remainder when y(5) is divided by 3?
2
Let z = -11 - -5. Let g be z/10 - (-23)/5. Suppose -g*d - 2*p + 24 = 0, 5 - 33 = -3*d - 4*p. What is the remainder when 11 is divided by d?
3
Let k(c) = c**2 + 10. Let a(r) = 8*r - 3. Suppose 0 = -5*o + 20. What is the remainder when a(o) is divided by k(0)?
9
Suppose -48*j = -24*j - 312. Suppose -2*r + 3*t + 106 = 0, -t = -4*r - 0*t + 202. Calculate the remainder when r is divided by j.
11
Suppose -2*b + 2 = 4. Let q = b + 18. Suppose -25 - 60 = -2*a - 5*t, 0 = -5*a + 2*t + 256. What is the remainder when a is divided by q?
16
Suppose -6*b - 4*g = -4*b - 6, 0 = -b - g + 5. Suppose -b*s - 46 = -9*s. What is the remainder when s is divided by 8?
7
Let r = 202 + -141. Suppose -1 = -g - 3*j, 0 = g - 0*j - 5*j - 41. What is the remainder when r is divided by g?
13
Suppose 0 = -2*j + 6*j + 4*u - 212, -u = 5*j - 261. Suppose 3*r = -r + j. Calculate the remainder when 38 is divided by r.
12
Suppose v - 8 = 9. Let q = 25 + 6. What is the remainder when q is divided by v?
14
Let v(f) = -2*f + 3. What is the remainder when v(-3) is divided by 4?
1
Let m(j) = -j**2 + 3*j. Calculate the remainder when m(2) is divided by 2.
0
Suppose -5*a + 0*a + 185 = 0. What is the remainder when a is divided by 13?
11
Let g = -1 + 5. Suppose -8*k - 16 = -p - 3*k, g*k - 43 = -p. Calculate the remainder when p is divided by 16.
15
Suppose 5*q - 2 - 23 = 0. Let o = q + 2. What is the remainder when 225/12 - 2/(-8) is divided by o?
5
Let v = 4 + -4. Let o(b) = b - 1. Let g be o(v). What is the remainder when 20 is divided by 6 + (0 - g)*1?
6
What is the remainder when 263 is divided by -2*(-8)/64 + 350/8?
43
Let u = -39 + 21. Let g = -12 - u. What is the remainder when 16 is divided by g?
4
Let u(q) = -2*q**3 - 5*q**2 - 3*q - 1. Let m be u(-3). Let y = m + -11. What is the remainder when y is divided by 3?
0
Suppose -4*s + 67 = 5*m, 2*m = 4*s - 0*s - 46. Calculate the remainder when 37 is divided by s.
11
Suppose 5*j + 2*u - 375 = 0, 5*j - 2*j - 225 = -u. Suppose 4*s = s - 3*t + 63, -5*s = -5*t - 155. What is the remainder when j is divided by s?
23
Suppose -d = 0, 2*x - 2*d + 4*d - 4 = 0. Suppose -78 = -x*r - r. Suppose -2*f = 3*o - 38, o - 12 - 12 = 5*f. What is the remainder when r is divided by o?
12
Suppose -p - 60 = -2*p. Calculate the remainder when p is divided by 21.
18
Let m = 0 - -5. Suppose -3*v = 2 - 14, -2*t + 4*v = 22. What is the remainder when (-3 - (2 - -1))*t is divided by m?
3
Let l(m) = 14*m**3 + m**2 - 1. Let n(j) = 28*j**3 - j**2 + j - 1. What is the remainder when n(1) is divided by l(1)?
13
Let w be 6/9 - (-1)/3. Suppose 3*l + l - 28 = 0. Calculate the remainder when (-3 - w)*(3 - 6) is divided by l.
5
Let f be (6 + -4)*10/(-4). Let x = 21 - f. Calculate the remainder when x + (1 - -3 - 1) is divided by 16.
13
Let q(a) = 2*a - 8. Let o be q(6). Suppose -o*g + 66 = -46. What is the remainder when g is divided by 15?
13
Let c = 33 + 0. What is the remainder when c is divided by 12?
9
Let f = -3 + 6. What is the remainder when (-50)/(-4) - 2/(-4) is divided by (-2)/f*15/(-2)?
3
Let p = -39 + 48. What is the remainder when 17 is divided by p?
8
Suppose -104 + 14 = 5*o. Let b = 4 - o. Suppose -4*s + x + 3 + 32 = 0, 0 = -4*x - 12. What is the remainder when b is divided by s?
6
Let h be ((-2)/4)/(1/(-142)). Suppose 4*q - 1 - h = 0. Let j = 17 + 18. What is the remainder when j is divided by q?
17
Let i(k) = -k**3 + 2*k**2 - k - 1. Calculate the remainder when 33 is divided by i(-2).
16
Let q = 1 + 5. Suppose -3*w = -11 - 1. What is the remainder when q is divided by w?
2
What is the remainder when 59 is divided by 17/(-2)*(0 + (-4)/1)?
25
Calculate the remainder when 14 - 2 - 1*-1 is divided by 1 - -8 - (-1 - -3).
6
Calculate the remainder when (15/4)/(4/80) is divided by 19.
18
Let x(r) = -r**3 + 2*r**2 + 58. What is the remainder when x(0) is divided by (-2)/4*(-60)/2?
13
Suppose -3*a - 161 = 3*u + 4, -4*u = -5*a + 247. Let c = u + 164. Suppose 5*i + 1 = c. Calculate the remainder when i is divided by 12.
9
Suppose 0*w + 12 = 4*w. Suppose -w - 9 = -o. Calculate the remainder when 23 is divided by o.
11
Let a = 1033 + -568. Suppose 0 = 2*s - 31 - 33. What is the remainder when s is divided by 2/(-9) - a/(-27)?
15
Suppose -c - 5*r - 13 = 0, c - 3*r - 3 = 4*c. What is the remainder when 8 is divided by c?
0
Suppose -2*f = -f - 28. Let a(y) = -2*y**3 - 3*y**2 - 3*y - 2. Let v be a(-2). Calculate the remainder when f is divided by ((-30)/v)/(6/(-16)).
8
Suppose -5*k - 40 = -r, k + r = -3*r - 8. Calculate the remainder when 43 is divided by 1/4 + (-118)/k.
13
Suppose 0 = 4*v - 6 - 6. Suppose -29*p = -17*p - 84. Calculate the remainder when p is divided by v.
1
Let i(h) = h**3 + 12*h**2 - 13*h + 10. Let c(w) = w**3 - 8*w**2 + 10*w - 1. Let d be c(6). What is the remainder when 49 is divided by i(d)?
9
Let q(g) = 36*g**2 - 1. What is the remainder when 67 is divided by q(1)?
32
Calculate the remainder when 16 is divided by (0 - 6)/((-6)/9).
7
Let d = -72 - -105. Calculate the remainder when 98 is divided by d.
32
Let d = 19 - 13. What is the remainder when d is divided by 13/3 - (-1)/(-3)?
2
Let i = 7 - 3. Suppose -i*f + f + 25 = -h, -23 = h - 4*f. Let y = -16 - h. What is the remainder when 28 is divided by y?
13
Let b = -1 + 6. Let u = b + -3. What is the remainder when 25 is divided by -1 + 9 + u/2?
7
Let s be ((-4)/(-4))/1 + -8. Let m(t) = -8*t + 1. Let n(v) = 17*v - 1. Let x(c) = 13*m(c) + 6*n(c). Calculate the remainder when 62 is divided by x(s).
20
Let x(m) = 11*m + 5. What is the remainder when x(4) is divided by 13?
10
Suppose 17 - 53 = -3*y. Suppose r + 1 = 4. Suppose u + 3 = 0, q + 5 = 3*q + r*u. Calculate the remainder when y is divided by q.
5
Let z(k) = -k**2 - 4*k + 2. Let g be z(-4). Suppose -4*n = -3*a - 99, -g*a = -n - 0*a + 31. What is the remainder when 81 is divided by n?
18
Calculate the remainder when (-45*2/(-3))/2 is divided by 4.
3
Calculate the remainder when -285*(8/(-6) - -1) is divided by 24.
23
Let t = -17 + 38. Suppose 3*l + 3 = t. What is the remainder when 11 is divided by l?
5
Let o(a) = a**3 - 5*a**2 + 4*a - 4. Let h be o(3). Let u = 28 + h. What is the remainder when 33 is divided by u?
15
Let x(t) = 19*t**2 - 5*t. What is the remainder when x(2) is divided by 23?
20
Let r be 10 + 1 - -2 - 3. Let k(z) = 2*z - 15. Let g be k(r). Suppose g*i - 4*o = 7, -5*o - 2 = -i - 3*i. Calculate the remainder when 3 is divided by i.
0
Suppose 4*l = l + r + 69, -2*r = 4*l - 102. Suppose 3*i - l = 66. What is the remainder when i is divided by 16?
14
Let s = 46 - 30. Suppose -2*g + 6 = -g. Calculate the remainder when s is divided by g.
4
Let n(w) = -w**3 - 5*w**2 - 3. Let v be n(-5). Calculate the remainder when (-60)/v - (-6)/(-2) is divided by 6.
5
Suppose 5*m - 4*i - 123 = 0, -8 = i + 3*i. Suppose -3 = h + 1. Let o(p) = p**2 + p. Calculate the remainder when m is divided by o(h).
11
Suppose -g = -3*p + 214 - 21, 0 = p - g - 61. What is the remainder when p is divided by 34?
32
Let a = -18 + 22. Let p(s) = s**2 - s - 1. Calculate the remainder when 41 is divided by p(a).
8
Let l = 2 - 1. Suppose i - 9 = -4*r, 0*i + 5*r = -i + 11. Calculate the remainder when (0 + l)/((-1)/(-2)) is divided by i.
0
Suppose -z + 3*z + 2*d - 28 = 0, d = -3*z + 44. What is the remainder when z is divided by 9?
6
Let n = 137 - 96. Suppose 3*a - 